 (2 + 1)) + 7.
-5
Evaluate -28 - -3 - (-16 + -9).
0
Evaluate 14 + 4 + 9 + -13.
14
What is (19 - -2) + -31 + (0 - 1)?
-11
What is the value of 35 - 31 - (-4 + (0 - 2) + -2)?
12
Calculate (-19 - -1) + 22 - (12 + 1).
-9
Evaluate (0 - 28) + 28 + -8.
-8
What is the value of -9 + 15 - ((-22 - -27) + 1 + 2)?
-2
What is the value of (3 - 9 - -6 - -23 - 2) + -5?
16
What is (-11 + 3 + -5 + 2 - -38) + -7?
20
What is the value of (23 - 17) + 6 - 12?
0
What is the value of -45 - (-1 + -1) - -13 - -7?
-23
Evaluate (2 - 11) + (17 - (9 - -7)).
-8
Evaluate -9 - ((-136 - -105) + 1 + 6).
15
What is 8 - (4 - (20 + -8))?
16
2 + (-29 - -45) + -5 + -2 - 4
7
Evaluate 3 + (1 - 33 - (-140 - -130)).
-19
Evaluate -7 - (6 + (-15 - 2)).
4
5 + (-1 - -11 - 13) + -5
-3
Evaluate (0 - 7) + (-1 - -9) + -13 + 10.
-2
What is 75 + -82 - (-12 - -1)?
4
What is the value of 5 + (-5 - (-2 - 6) - -2)?
10
What is the value of (2 + (10 + -4 - 10) - -4) + -6?
-4
What is the value of (3 - (-7 + -2 - -7)) + 2 + 1?
8
-35 - -63 - 67 - -32
-7
What is the value of 17 + (-37 - -19) + -13?
-14
What is the value of (38 - 1 - (35 - 26)) + -9?
19
What is the value of 1 + 3 + 1 - (-18 - (17 - 16))?
24
(12 - (38 - 18)) + 2
-6
Evaluate -15 - (-7 + 4 + 3).
-15
What is the value of 79 - 75 - (29 + 4 + -10 + 5)?
-24
What is 9 - ((-51 - -29) + 23)?
8
What is -3 + -1 + -14 + 4 + -1?
-15
What is the value of -79 - -127 - (32 + -3)?
19
What is (5 - (13 + 0) - -4) + 77 + -78?
-5
Evaluate 13 + (5 - (-13 + -3)).
34
Evaluate (4 - (-1 - -3)) + -26 - (-55 - -62).
-31
What is 5 + -1 + -12 + 6 + 6?
4
Calculate -3 + 26 + (12 - 22).
13
Calculate -141 + (125 - -21) - (-17 + (2 - 1)).
21
Evaluate (14 - 18) + (44 - 55).
-15
Evaluate 7 + -20 + -8 + -1 + 2 + 5.
-15
What is the value of 25 + (-32 - -24 - -5)?
22
-1 + (14 + -15 - 7 - (-1 + -30))
22
What is the value of 11 - 0 - (70 - 72) - (-7 + -3)?
23
Evaluate 6 - (-24 - -17) - (31 - -1).
-19
Calculate -14 - (10 - 13 - (0 + 7)).
-4
What is -7 + 10 + -5 + (0 + -12 - -1)?
-13
What is the value of 5 + -2 + (-4 - -1) - (0 + 6)?
-6
Evaluate -130 + 141 + (-3 + 7 - -2).
17
What is the value of (-6 - -5) + -17 + 9 - 3?
-12
4 - (-14 - -17 - -6)
-5
-15 + -6 + -16 + 12 + 10
-15
What is the value of 8 - (-1 - -7) - (11 - (11 + -30))?
-28
Calculate 60 + 42 + -85 + -52.
-35
Calculate 7 + -21 + (-8 - -12).
-10
Calculate -9 - (-23 - -7) - (11 + (-10 - -4)).
2
Calculate 11 + -16 + -8 - (1 - 1).
-13
Evaluate (9 - 4) + (-24 - -29) + (5 - 2).
13
Calculate (35 - 34) + 11 + 7.
19
Evaluate -5 + (29 - 36) + 11.
-1
Evaluate (-17 - 0) + (2 - (-4 - (-7 - -5))).
-13
What is the value of -17 + 5 + -60 + 79?
7
Calculate (13 - -1 - 32) + 21.
3
What is (4 - 1) + (39 - 27) + -16?
-1
Calculate -35 + 22 + 21 + -20.
-12
Evaluate -3 + (6 - 0) - (-1 - 2).
6
What is the value of -11 + (-1 + 13 - -13)?
14
What is 20 + -17 + -13 - -27?
17
Calculate 1 + (-6 - (14 - 35)).
16
What is the value of -10 + 4 + 10 + -1 - 26?
-23
(-6 - 5) + 5 + -25 + 64
33
What is 10 + 2 - (149 - 118)?
-19
Calculate -1 + 0 - -4 - (-827 - -817).
13
What is the value of (1 - 1) + 1 + 9 - (-5013 + 4993)?
30
What is the value of 51 + -47 + (-2 - -5) + -1?
6
Evaluate -18 + (-26 - 1) + 44.
-1
-1 - 17 - (-12 - 28 - -17)
5
(3 + (2 - 6) - -5 - -10) + -6
8
Evaluate 10 + -15 + 7 + 10 + -9.
3
What is 25 + -19 - 49 - -16?
-27
Calculate (9 - (3 + 3)) + -12.
-9
Evaluate -13 - (4 + (3 - 3) + 0).
-17
Evaluate 5 + -1 + 231 + -224.
11
What is (26 - 49) + 6 + 11?
-6
What is the value of -12 + -14 + 21 + 0?
-5
Evaluate (30 + -13 - 35) + 17.
-1
What is the value of -11 + ((-6 - -10) + 5 - -12)?
10
Calculate (0 - 1) + (0 - 13) + 17.
3
Evaluate (0 - (-3 - -10)) + -932 + 951.
12
What is the value of -39 - -47 - (10 + 5)?
-7
Evaluate 40 + -39 + 31 - 69.
-37
What is -9 + (-5 - -18) + -19?
-15
Evaluate (6 - (6 + 28 - 17)) + -1.
-12
What is (10 - (-9 + 9)) + (-8 - -5)?
7
Calculate (3 - -10) + -27 + 20 - 3.
3
Evaluate 21 + (-11 - (-12 + 3)) - 1.
18
Calculate -48 + 11 + 16 - -9.
-12
Calculate -32 + 29 - 11 - (1 + 1).
-16
-16 - (-2 + 4) - (-7 + -4 - -8)
-15
What is the value of 2 - 1 - (10 + -1) - (-796 + 770)?
18
What is 26 + 7 - (29 + 18)?
-14
What is 3 + 2 - 8 - (1 - (4 - -8))?
8
17 + (13 - (-18 + 13 + 16))
19
Evaluate 27 + (-25 - -7) + -1 - -4.
12
What is (2 - (4 - 2)) + 13 + (-29 - -20)?
4
What is 15 - (-4 - -1 - (-7 + 0))?
11
Calculate 13 + -11 + 11 - 28.
-15
Calculate 7 + -2 + (-8 + -2 - -4) + 0.
-1
Calculate -17 - ((-14 - -9) + 11) - (10 - 4).
-29
Evaluate (41 - (-9 + 3)) + (-20 - -1).
28
What is the value of 1 - 3 - (-20 - (-15 + -10))?
-7
Evaluate 17 - ((-19 - -31) + (-1 - 9) + -11).
26
(18 + -15 - 15) + 11
-1
Evaluate 5 - 8 - (-7 - (-23 + -2 - -4)).
-17
-6 + 1 - (-77 - -60)
12
Calculate (7 - -5) + -5 + -11.
-4
What is -16 + (-8 - -12 - -5) + -3?
-10
What is (8 - 12 - 0) + -1 - 5?
-10
What is (25 - 28) + (-3 - (-1 - -3))?
-8
Calculate (-16 - (-2 - 0)) + 336 + -327.
-5
Evaluate -2 - (8 + (-9 + 6 - 20) + 6).
7
What is the value of -12 - (11 - (10 + 6 - 12))?
-19
What is the value of 0 + -4 - (2 - (2 + (1 - -2)))?
-1
What is the value of 13 - (-14 + 19 - -1)?
7
What is -9 + -11 + 11 + 12 - 11?
-8
Calculate -17 - -21 - -27 - 59.
-28
What is 13 - (-1 - 0) - 3 - (-5 + 1)?
15
What is 10 - ((-34 - (-1 + -21)) + 1 + 7)?
14
What is 17 + -40 + 6 + 34?
17
Calculate -1 + -9 - (76 + -49) - (5 + -11).
-31
Calculate 16 + -12 - -11 - 6.
9
Calculate -1 - (-1 - (0 - 0)) - (-105 - -92).
13
What is the value of -24 - -21 - (1 + -2 - -17) - -5?
-14
What is the value of (-82 - -135) + (-1 - 10) - 14?
28
Calculate -3 + 13 + -2 + -14 + 22.
16
Evaluate (-39 - (-15 - 18)) + 24 + 0 - -10.
28
Calculate 16 + (2 - (11 + -7)) + -20.
-6
4 + 0 - (38 - 29)
-5
Calculate 4 + -9 - -30 - 14.
11
What is the value of (1 - -27) + (-1 - 6)?
21
Calculate (-6 - (-1 - -12)) + 11 + 4 + 32.
30
Calculate -1 - 0 - (2 + -9 - (-68 - -74)).
12
What is 8 + 2 + 14 + -37?
-13
What is the value of (13 - 31) + 13 + 0?
-5
What is the value of (-39 - -31) + -30 + 30?
-8
Calculate -14 + (6 - -5) - -4.
1
(0 - 11) + -119 + 119 + -2
-13
What is the value of 8 + -1 + (31 - 46 - -14)?
6
What is -16 + (0 - -13) + 7?
4
Calculate 8 + -8 + 19 + -7 + -7.
5
Evaluate -2 + -3 + 20 - -8.
23
Evaluate (28 - -23 - 29) + -6.
16
What is the value of -11 - (6 - (17 + 9))?
9
Calculate (-27 - -3) + -3 + (-6 - 1).
-34
Evaluate 24 + -7 + 6 + -8.
15
Calculate 9 + -29 - (-3 - -13) - (2 - 9).
-23
What is the value of (-25 - (-23 - 1)) + -10?
-11
Calculate (-44 - -25 - (-9 - -2)) + (4 - 1).
-9
What is 2 + ((9 - 33) + 19 - (0 + -9))?
6
-47 + 2 + 0 + 2 - (1691 - 1702)
-32
What is -1 + 30 + -639 + 603 - (-12 - 0)?
5
What is the value of -8 - -32 - (-3 - (3 - 5))?
25
What is (16 - 13) + -11 + -5?
-13
-3 + (-4 - -2) - (25 + 0 + -29)
-1
Calculate (-1 - 7 - -1) + 90 + -72.
11
Evaluate 2 - 16 - ((-4 - -10) + -19).
-1
What is the value of (-2 - (-5 - 1 - -13)) + 6 + 1?
-2
Calculate 136 + -148 - (6 - 15).
-3
9 + 23 + -12 - 3
17
Calculate -15 + 28 + -9 + -14.
-10
What is the value of 4 + 0 - (13 - (-6 + 7 + -3))?
-11
Evaluate -7 - (-17 + 8 + 36).
-34
20 - (2 + 0) - (545 + -542)
15
What is -6 + 52 - (-49 + 92)?
3
Calculate 4 - (5 - (-7 - 1) - -2).
-11
Calculate 6 - (66 + -56 + -37 + (5 - 5)).
33
Evaluate 15 - (-26 - -63 - 11).
-11
What is 9 + 8 + 3 - (-2 - 1 - -9)?
14
Calculate 5 + (0 - 0) + -25 + -16 + 54.
18
What is 8 + (-18 + 15 - 0)?
5
Evaluate (4 - (2 - 11)) + -11 + 7 + 12.
21
What is the value of 6 + -12 - (-23 - (7 - (17 - 4)))?
11
What is the value of -6 + -1 + -9 + (-104 - -108)?
-12
0 - (-8 - -1 - (-161 - -153))
-1
(1912 - 1919) + (30 - -1) + 1
25
89 - 103 - (-12 + 3)
-5
Evaluate -132 + 144 - (-1 + -1).
14
What is the value of (5 - (3 + 7 - 6) - 11) + -9?
-19
What is the value of 0 - (2 + -2) - (5 + -3 - 11)?
9
Evaluate -13 + -11 + 22 + 3.
1
Calculate 23 + -49 + 10 + 11.
-5
What is (3 + 7 - 17) + -2 + 24?
15
What is the value of -18 + (-3 + -16 - -30) - -3?
-4
What is 2 + -3 + -5 + 3 + 4 + 3?
4
Evaluate -6 + 10 + 5 + -2 + -8 + -2.
-3
What is -18 + 2 - (-22 + 12 + 5)?
-11
Evaluate 2 + -5 + (-7 - -1) + 19 + -18.
-8
What is the value of (2 - 10) + (12 - (3 - -3))?
-2
-3 + 0 + (459 - 439)
17
1 + (20 - 12 - 2)
7
What is the value of (-4 - -1) + 4 + (-4 - 1) + -6?
-10
Calculate -19 + (-7 - -36) - 19.
-9
What is the value of (0 - -10) + (-2 - (-33 - -37